{"id":8,"date":"2018-02-21T22:27:23","date_gmt":"2018-02-21T21:27:23","guid":{"rendered":"http:\/\/ponurynurt.pl\/?page_id=8"},"modified":"2018-02-25T20:40:09","modified_gmt":"2018-02-25T19:40:09","slug":"o-nas","status":"publish","type":"page","link":"https:\/\/ponurynurt.pl\/?page_id=8","title":{"rendered":"O nas"},"content":{"rendered":"<p><strong>Stowarzyszenie Pami\u0119ci Ponury-Nurt<\/strong> ukonstytuowane w 2018 roku jest kontynuatorem dzia\u0142a\u0144 Stowarzyszenia Pami\u0119ci \u015awi\u0119tokrzyskich\u00a0 Zgrupowa\u0144 Partyzanckich \u201ePonury-Nurt\u201d i szerzy pami\u0119\u0107 oraz etos \u017co\u0142nierzy AK.<\/p>\n<p><span style=\"font-family: 'Arial Narrow', sans-serif;\">S<\/span><span style=\"font-family: 'Arial Narrow', sans-serif;\">towarzyszenie Pami\u0119ci \u015awi\u0119tokrzyskich Zgrupowa\u0144 Partyzanckich Armii Krajowej \u201ePonury \u2013Nurt\u201d z<\/span><span style=\"font-family: 'Arial Narrow', sans-serif;\">arejestrowane zosta\u0142o 27 sierpnia 2002 r. we Wroc\u0142awiu. Jego za\u0142o\u017cycielami byli mieszkaj\u0105cy w tym mie\u015bcie cz\u0142onkowie rodzin \u017co\u0142nierzy AK od \u201ePonurego\u201d i \u201eNurta\u201d.<\/span><\/p>\n<p><!--more--><\/p>\n<p><span style=\"font-family: 'Arial Narrow', sans-serif;\">By\u0142a to organizacja o zasi\u0119gu og\u00f3lnopolskim. Do 2008 r. funkcj\u0119 prezesa pe\u0142ni\u0142 Pawe\u0142 Popiel de Choszczak. Nast\u0119pnie funkcj\u0119 to powierzono mieszkaj\u0105cemu w Starachowicach Szczepanowi Mrozowi.<\/span><\/p>\n<p><span style=\"font-family: 'Arial Narrow', sans-serif;\">G\u0142\u00f3wnym zadaniem stowarzyszenia by\u0142o utrwalanie pami\u0119ci o tych partyzantach Zgrupowa\u0144 i I bat. 2 pp. Leg. AK co padli w walce, o historii oddzia\u0142\u00f3w zbrojnych Armii Krajowej, kontakt z \u017cyj\u0105cymi jeszcze weteranami walk, propagowanie tych dziej\u00f3w w\u015br\u00f3d m\u0142odego pokolenia Polek i Polak\u00f3w.<\/span><\/p>\n<p><span style=\"font-family: 'Arial Narrow', sans-serif;\">Do tej pory uda\u0142o nam osi\u0105gn\u0105\u0107 nast\u0119puj\u0105ce cele:<\/span><\/p>\n<p><span style=\"font-family: 'Arial Narrow', sans-serif;\"><b>2004 r<\/b><\/span><span style=\"font-family: 'Arial Narrow', sans-serif;\">. \u2013 zebranie, skanowanie i wydanie p\u0142yty CD ze zdj\u0119ciami partyzanckimi z lat 1943, 1944 i 1957.<\/span><\/p>\n<p><span style=\"font-family: 'Arial Narrow', sans-serif;\"><b>2006 r<\/b><\/span><span style=\"font-family: 'Arial Narrow', sans-serif;\">. \u2013 postawienie Kamienia Pami\u0119ci w miejscu rozformowania batalionu \u201eNurta\u201d w po\u0142owie listopada 1944 r. w lasach osieczy\u0144skich niedaleko rezerwatu \u015awinia G\u00f3ra.<\/span><\/p>\n<p><span style=\"font-family: 'Arial Narrow', sans-serif;\">Umiejscowienie kamienia Pami\u0119ci na Barwinku \u2013 le\u015bnej \u0142\u0105ce w lasach Le\u015bnictwa Kaczka, gdzie 16 wrze\u015bnia 1943 r. w czasie II ob\u0142awy niemieckiej partyzanci \u201ePonurego\u201d stoczyli zwyci\u0119sk\u0105 bitw\u0119 z \u017co\u0142nierzami Ostlegionu i Niemcami, bez strat w\u0142asnych.<\/span><\/p>\n<p><span style=\"font-family: 'Arial Narrow', sans-serif;\"><b>2007 r.<\/b><\/span><span style=\"font-family: 'Arial Narrow', sans-serif;\"> \u2013 postawienie pomnika na Kropce u podn\u00f3\u017ca wzg\u00f3rza 326 w miejscu obozu Zgrupowa\u0144 Partyzanckich AK \u201ePonury\u201d w 1943 r.<\/span><\/p>\n<p><span style=\"font-family: 'Arial Narrow', sans-serif;\"><b>2009 r. <\/b><\/span><span style=\"font-family: 'Arial Narrow', sans-serif;\">&#8211; Inauguracja Marszu Pami\u0119ci wok\u00f3\u0142 wszystkich miejsc upami\u0119tnionych na Wykusie. Pomoc rodzinie mjr Jana Piwnika w realizacji zamierzenia jakim by\u0142a tablica po\u015bwi\u0119cona kpt. Emilii Malesie \u201eMarcysi\u201d, \u017conie mjr.\u201dPonurego\u201d w 100 lecie jej urodzin. Tablica zosta\u0142a umieszczona w Panteonie Pami\u0119ci przy klasztorze oo. Cysters\u00f3w w W\u0105chocku.<\/span><\/p>\n<p><span style=\"font-family: 'Arial Narrow', sans-serif;\">Nakr\u0119cenie filmu \u201eWykus serce wolnej Polski we wsp\u00f3\u0142pracy z TV Starachowice.<\/span><\/p>\n<p><span style=\"font-family: 'Arial Narrow', sans-serif;\"><b>2010 r.<\/b><\/span><span style=\"font-family: 'Arial Narrow', sans-serif;\"> \u2013 zorganizowanie obchod\u00f3w 100-lecia urodzin mjr. Mariana \u015awiderskiego \u201eDzika\u201d. Prelekcja Marka Jedynaka i Szczepana Mroza w Bodzentynie &#8211; rodzinnym mie\u015bcie jubilata. Pomoc rodzinie \u201eDzika\u201d we wznowieniu ksi\u0105\u017cki \u201eW\u015br\u00f3d las\u00f3w wertep\u00f3w\u201d. Nakr\u0119cenie filmu \u201ePseudonim Dzik\u201d we wsp\u00f3\u0142pracy z TV Starachowice oraz uroczysta premiera po\u0142\u0105czona z wystaw\u0105 ma\u0142o znanych zdj\u0119\u0107 partyzanckich w Starachowickim Centrum Kultury. <\/span><\/p>\n<p><span style=\"font-family: 'Arial Narrow', sans-serif;\">II Marsz Pami\u0119ci na Wykusie z udzia\u0142em m\u0142odzie\u017cy z Poznania i okolic, skupionej w ko\u0142ach Mi\u0142o\u015bnik\u00f3w Armii Krajowej. Pomoc pp. Teresie Pog\u00f3dek i Annie Skibi\u0144skiej, fundatorkom tablicy po\u015bwi\u0119conej mjr. \u201eDzikowi\u201d w pracach nad jej monta\u017cem w ko\u015bciele pw. \u015aw.Tr\u00f3jcy w Starachowicach.<\/span><\/p>\n<p><span style=\"font-family: 'Arial Narrow', sans-serif;\"><b>2011 r<\/b><\/span><span style=\"font-family: 'Arial Narrow', sans-serif;\">. \u2013 rekonstrukcja grobu kpr. Andrzeja paska \u201eJ\u0119drka\u201d na Borze w Skar\u017cysku Kamiennej, w miejscu niemieckiej ob\u0142awy na uczestnik\u00f3w odprawy z udzia\u0142em szefa Kedywu KG AK p\u0142k. Emila Fieldorfa \u201eNila\u201d w m\u0142ynie wodnym W\u0142adys\u0142awa Cioka.<\/span><\/p>\n<p><span style=\"font-family: 'Arial Narrow', sans-serif;\">Ponadto przy du\u017cym zaanga\u017cowaniu naszego kolegi ze stowarzyszenia Mariusza Gruszczy\u0144skiego Starostwa Skar\u017cyskiego zorganizowany zosta\u0142 Rajd Rowerowy Szlakiem Miejsc Pami\u0119ci wok\u00f3\u0142 Skar\u017cyska Kamiennej. Wzi\u0119\u0142o w nim udzia\u0142 oko\u0142o 200 rowerzyst\u00f3w !<\/span><\/p>\n<p><span style=\"font-family: 'Arial Narrow', sans-serif;\">Postawienie tablicy pami\u0105tkowej w formie kapliczki w \u015bwi\u0119tej Katarzynie na terenie \u015awi\u0119tokrzyskiego Parku Narodowego, przy drodze do \u017ar\u00f3de\u0142ka \u015bw. Franciszka. W pracach zwi\u0105zanych z tym przedsi\u0119wzi\u0119ciem du\u017c\u0105 pomoc\u0105 wykaza\u0142 si\u0119 nasz cz\u0142onek Lech Adamczyk.<\/span><\/p>\n<p><span style=\"font-family: 'Arial Narrow', sans-serif;\">Uzyskanie zgody na wybudowanie tej kapliczki poprzedzone zosta\u0142o d\u0142ugotrwa\u0142\u0105 i upart\u0105 korespondencj\u0105 z Ministerstwem \u015arodowiska.<\/span><\/p>\n<p><span style=\"font-family: 'Arial Narrow', sans-serif;\">Tak\u017ce w tym czasie wykonali\u015bmy du\u017ce prace zwi\u0105zane z reorganizacj\u0105 polany na Kropce. Dzi\u0119ki du\u017cej pomocy naszego kolegi a jednocze\u015bnie le\u015bnika Tomasza Wasiaka wybudowali\u015bmy wsp\u00f3lnymi si\u0142ami drewnian\u0105 wiat\u0119, st\u00f3\u0142, \u0142awy i przygotowali ca\u0142\u0105 infrastruktur\u0119 biwakow\u0105. r\u00f3wnie\u017c w\u00f3wczas pojawi\u0142y si\u0119 cykliczne audycje radiowe w skar\u017cyskim radiu Media pl. po\u015bwi\u0119cone historii partyzantki \u015bwi\u0119tokrzyskiej prowadzone przez Mariusza Gruszczy\u0144skiego<\/span><\/p>\n<p><span style=\"font-family: 'Arial Narrow', sans-serif;\"><b>2012 r.<\/b><\/span><span style=\"font-family: 'Arial Narrow', sans-serif;\"> \u2013 uzyskanie \u015brodk\u00f3w finansowych z Wydzia\u0142u Kultury Urz\u0119du Marsza\u0142kowskiego w Kielcach na wydanie albumu w 100- lecie urodzin Jana Piwnika. Tak\u017ce w tym czasie trwa\u0142y prace przy grobie \u201eZjawy\u201d Bo\u017ceny Ludmi\u0142y Stefanowskiej pod kierunkiem Tomasza Wasiaka i Szczepana Mroza.<\/span><\/p>\n<p>&nbsp;<\/p>\n<p>&nbsp;<\/p>\n","protected":false},"excerpt":{"rendered":"<p>Stowarzyszenie Pami\u0119ci Ponury-Nurt ukonstytuowane w 2018 roku jest kontynuatorem dzia\u0142a\u0144 Stowarzyszenia Pami\u0119ci \u015awi\u0119tokrzyskich\u00a0 Zgrupowa\u0144 Partyzanckich \u201ePonury-Nurt\u201d i szerzy pami\u0119\u0107 oraz etos \u017co\u0142nierzy AK. Stowarzyszenie Pami\u0119ci \u015awi\u0119tokrzyskich Zgrupowa\u0144 Partyzanckich Armii Krajowej \u201ePonury \u2013Nurt\u201d zarejestrowane zosta\u0142o 27 sierpnia 2002 r. we Wroc\u0142awiu. Jego za\u0142o\u017cycielami byli mieszkaj\u0105cy w tym mie\u015bcie cz\u0142onkowie rodzin \u017co\u0142nierzy AK od \u201ePonurego\u201d i \u201eNurta\u201d.<\/p>\n","protected":false},"author":1,"featured_media":27,"parent":0,"menu_order":0,"comment_status":"closed","ping_status":"closed","template":"","meta":[],"_links":{"self":[{"href":"https:\/\/ponurynurt.pl\/index.php?rest_route=\/wp\/v2\/pages\/8"}],"collection":[{"href":"https:\/\/ponurynurt.pl\/index.php?rest_route=\/wp\/v2\/pages"}],"about":[{"href":"https:\/\/ponurynurt.pl\/index.php?rest_route=\/wp\/v2\/types\/page"}],"author":[{"embeddable":true,"href":"https:\/\/ponurynurt.pl\/index.php?rest_route=\/wp\/v2\/users\/1"}],"replies":[{"embeddable":true,"href":"https:\/\/ponurynurt.pl\/index.php?rest_route=%2Fwp%2Fv2%2Fcomments&post=8"}],"version-history":[{"count":4,"href":"https:\/\/ponurynurt.pl\/index.php?rest_route=\/wp\/v2\/pages\/8\/revisions"}],"predecessor-version":[{"id":99,"href":"https:\/\/ponurynurt.pl\/index.php?rest_route=\/wp\/v2\/pages\/8\/revisions\/99"}],"wp:featuredmedia":[{"embeddable":true,"href":"https:\/\/ponurynurt.pl\/index.php?rest_route=\/wp\/v2\/media\/27"}],"wp:attachment":[{"href":"https:\/\/ponurynurt.pl\/index.php?rest_route=%2Fwp%2Fv2%2Fmedia&parent=8"}],"curies":[{"name":"wp","href":"https:\/\/api.w.org\/{rel}","templated":true}]}}